(-3)/(-332)). Let v = y + -51. Calculate the greatest common factor of v and 160.
32
Suppose -20 = 743*n - 747*n. Let w be -4*(n + (-69)/4). Calculate the highest common divisor of 441 and w.
49
Suppose -534 = -8*c + 42. Suppose 0 = -128*r + 119*r + c. Calculate the highest common divisor of 704 and r.
8
Suppose 4*d - i + 44 = 7*d, 3*d - 2*i - 56 = 0. Let l be -28 + 3/((-3)/(-2)). Let p = -18 - l. What is the greatest common divisor of p and d?
8
Let y = -55 - -72. Suppose 6*u - 70 - 49 = -u. Calculate the greatest common factor of u and y.
17
Suppose 2296 = -3*p - u + 16490, -2*p = -4*u - 9458. What is the greatest common factor of p and 114?
57
Let d = -753 - -740. Let a be 168924/112 - (-3)/(d - -1). Calculate the greatest common factor of 13 and a.
13
Let l(s) = 139*s**2 - 55*s + 56. Let h be l(1). Calculate the highest common factor of 1280 and h.
20
Let c be (0 + 1)*0 - -13. Let s(k) = -7*k - 356. Let m be s(-36). Let p be 6 - 13/(m/160). What is the highest common factor of c and p?
13
Let h(o) be the second derivative of 24*o - 15*o**2 + 0 - 1/2*o**3. Let u be h(-13). Calculate the highest common divisor of u and 18.
9
Suppose -5*a = -b + 1 - 49, 5*b = -15. Let z be (-1)/5*(4 + 1) + a. Suppose z*w = 403 - 83. What is the highest common divisor of w and 60?
20
Suppose 2*k + g = -8, 2*k = -10*g + 5*g - 16. Let i be 40/(30/k) - 32*-1. Calculate the greatest common factor of i and 8.
4
Let z be 162*-1*(25/(-5) - -3). Let x = z + -312. Calculate the highest common divisor of x and 672.
12
Let x = -476 - -483. Let f = 19 - -14. Suppose y - 24 = w, 0 = y - 3*y - 3*w + f. What is the highest common factor of x and y?
7
Suppose 27*b - 34685 = 13131 + 24220. What is the highest common divisor of 87 and b?
29
Let p be (2/(-4))/(-1)*106. Let q = p + 0. Let h = q - 34. Calculate the greatest common divisor of 38 and h.
19
Let k(m) = 343*m**2 + m - 3. Let q be k(2). Let r be 1/(15/(-6)) - q/(-15). Let g = r + -27. Calculate the greatest common divisor of g and 8.
8
Suppose 8 = -4*l, -2*z = l - 104 - 180. Calculate the greatest common factor of 559 and z.
13
Let b(c) = c**3 + 8*c**2 + 9*c - 10. Let o be b(-3). Suppose -d = -6*r + o*r - 15, 5*r = 3*d + 10. What is the greatest common factor of r and 35?
5
Let m(z) = -10*z**3 - 3*z**2 + 6*z + 36. Let s be m(-4). Suppose 7*c - 3*p = 9*c - s, -2*c - p = -612. Calculate the highest common divisor of c and 84.
28
Let c(g) = 65*g**2 - g + 13*g - 3 - g - 7*g. Let m be c(1). Let w(a) = 44*a**2 + a - 1. Let r be w(1). What is the highest common divisor of m and r?
22
Let w = -666 + 671. Suppose 2*r - 25 = 3*o, w*o = 2*r - 0*o - 31. Let s = 26 - 18. What is the highest common factor of r and s?
8
Suppose 2232 = 37*v - 889 - 1763. Calculate the greatest common factor of v and 726.
66
Suppose -24772 + 904 = -51*c. What is the highest common divisor of 72 and c?
36
Let a(b) = 190*b**3 - 8*b**2 + 19*b - 31. Let w be a(2). What is the greatest common factor of w and 52?
13
Let g(v) be the second derivative of v**4/12 - v**3/2 + 6*v**2 - 19*v. Let b be g(6). Let x = -197 - -209. Calculate the highest common divisor of x and b.
6
Suppose 834*v - 23806 = 21086 + 75204. What is the highest common divisor of v and 342?
18
Let p be 3*(-6)/9 + 38. Let b be ((-4)/(-36)*-3)/((-2)/540). Calculate the highest common divisor of b and p.
18
Suppose -5*u = -m - 1110, 12*m + 444 = 2*u + 14*m. Let s = u - 127. What is the greatest common factor of 10 and s?
5
Suppose 287 = 2*w - 5*k, 3 = -k - 2*k. Let x(n) = 20*n**2 - 20*n + 7. Let u be x(2). What is the greatest common factor of w and u?
47
Suppose -34*p + 6*p = -231 - 1645. Suppose -1228 = -2*h + 916. What is the greatest common factor of p and h?
67
Suppose 37*j + 29197 = 22580 + 233871. Calculate the greatest common divisor of j and 74.
74
Suppose -11*u + 4522 = 1200. Suppose -3*m + 4*n + u = 0, -265*n - 96 = -m - 266*n. Suppose 0*d - 3*d + 126 = 0. What is the highest common factor of d and m?
14
Let u = -192 - -316. Let g be (u/14)/((-14)/(-98)). What is the highest common divisor of g and 62?
62
Suppose 193 = a + 5*t, -70*t + 69*t = 5*a - 845. What is the highest common factor of 2037 and a?
21
Suppose r + 21 = -16. Let l = r + 49. Let a(g) = g**2 - 8*g - 28. Let u be a(l). What is the highest common divisor of u and 4?
4
Suppose 4*u - 400 = -u. Let n be (-14)/(-4 - -11) - (-2 + -2). Suppose 0 = -2*f - 4*t, 3*f - 40 = -n*t + 4*t. Calculate the highest common divisor of f and u.
10
Suppose c = 3*w - 10925, 84*w + 5*c + 7318 = 86*w. What is the highest common factor of 9 and w?
3
Suppose 11*g - 21718 = 3068 + 25352. Calculate the highest common divisor of g and 106.
106
Let s be (1 + -15)/(474/(-36) + 13). What is the highest common factor of 16044 and s?
84
Let y(k) = 30*k + 162. Let m be y(-5). Suppose -4*s - 2*r + 66 = 0, -4*s + m + 55 = 3*r. Calculate the greatest common divisor of s and 96.
16
Suppose 9*g = 4*g - 2320. Let x be (-15)/((-120)/g)*-1. Calculate the greatest common divisor of 145 and x.
29
Let g(d) = -d + 59*d**3 + 11*d**2 - 28*d**3 - 29*d**3 - 1. Let x be g(-5). What is the greatest common divisor of 232 and x?
29
Suppose 326*d - 322*d = 20. Let f(l) = l**2 - 21. Let x be f(d). What is the highest common factor of 38 and x?
2
Let s(h) be the third derivative of -3*h**5/20 - 17*h**4/24 + h**3/2 + 4*h**2. Let z be s(-2). Calculate the highest common factor of 19 and z.
1
Suppose -39*u + 4125 = 2019. Calculate the highest common divisor of 9036 and u.
18
Let p be ((-27)/45)/((13/90)/(-13)). Suppose 41*j + 5148 = p*j. Calculate the highest common factor of 12 and j.
12
Let l be 3 - (-2 + 2) - -14. Let q = 19 - l. Suppose -13 = -4*s + 59. What is the highest common divisor of s and q?
2
Let n = -6476 - -6498. What is the greatest common factor of n and 649?
11
Suppose 0 = -228*h + 232*h - o - 121, 0 = 3*h + 2*o - 110. Calculate the highest common factor of 304 and h.
16
Let b = -237 + 280. Suppose 2*w = b + 41. What is the greatest common factor of 21 and w?
21
Let m(f) = -6*f**3 - 4*f**2 + 4*f + 12. Let d be m(-2). Calculate the greatest common factor of d and 164.
4
Let l(s) = -1 - 26*s - 7*s + 32*s. Let p(f) = 7*f + 2. Let z(m) = 6*l(m) + p(m). Let x be z(28). Calculate the greatest common divisor of 56 and x.
8
Suppose -206 = -4*d - 194. Let p be 427/56 + -4 - d/(-8). What is the highest common factor of 6 and p?
2
Let z be (-105)/(-6)*30/(-70)*-4. What is the greatest common divisor of 3810 and z?
30
Suppose 0*k = k + 9. Let x be (2/k)/((-2)/18). Let n be 1 - (x - (82 - (-5 + 2))). What is the greatest common divisor of n and 56?
28
Suppose -4*b + 3*g - 121 + 445 = 0, -4*g = -3*b + 250. Suppose -3*m = -7*z + 5*z - 88, 5*z + 155 = 5*m. What is the greatest common factor of m and b?
26
Suppose 0 = -29*w + 32*w. Suppose w = -5*y + 16*y - 242. Calculate the greatest common divisor of 154 and y.
22
Suppose -4*k = -8*k + 100. Let s = 11 - k. Let t be (13 + s)*(-10 - 1). What is the greatest common factor of 11 and t?
11
Let r be (198/(-12))/(16/(-640)). What is the greatest common factor of 858 and r?
66
Let l(d) = 110*d**3 + 2*d**2 - d. Let h be l(1). Let i be h/(-2)*8/(-6) - 2. Calculate the highest common factor of 360 and i.
72
Let u = 439 + -59. Suppose 0 = 2*m + i - u, -507 = -4*m + 5*i + 225. Calculate the greatest common divisor of m and 12.
4
Suppose -22017 = -139*d - 2140. What is the highest common factor of 1469 and d?
13
Suppose -2482 = -5*k + 2*z, -8*k + 7*k + 5*z + 501 = 0. Calculate the greatest common divisor of 899 and k.
31
Suppose 5*u - c + 17 = 43, -7 = -2*u - 3*c. Suppose -s = -3*o + u*o - 697, -3*o + 5*s = -1065. Calculate the highest common divisor of o and 14.
14
Let u(f) be the second derivative of f**4/12 + f**3/3 + 224*f**2 + 44*f. Let i be u(0). What is the highest common factor of i and 32?
32
Let t(q) = -2*q**3 + 67*q**2 + 86*q + 105. Let r be t(33). Calculate the highest common divisor of 63 and r.
63
Suppose -4*o - 8 = 0, a + 0*o - 2 = -o. Let d be ((-2)/6)/((-2)/36). Suppose d = -6*g + 18. What is the highest common divisor of g and a?
2
Let r = -47 - -47. Suppose -w - 2*b + 3*b + 42 = 0, r = b + 2. What is the greatest common divisor of w and 1?
1
Let c be (-26)/((-156)/1350) + -1*1. Calculate the highest common divisor of 1